alse
Does 14 divide 285213?
False
Does 22 divide 546876?
True
Is 359882 a multiple of 266?
False
Does 163 divide 751756?
True
Does 104 divide 5883072?
True
Is 13 a factor of 3058928?
False
Is 83523 a multiple of 18?
False
Is 132 a factor of 205284?
False
Is 12028 a multiple of 4?
True
Does 155 divide 2054370?
True
Does 13 divide 97734?
True
Is 7 a factor of 695546?
False
Is 800 a factor of 3542059?
False
Does 7 divide 121142?
True
Does 111 divide 3841292?
False
Is 114406 a multiple of 15?
False
Is 11 a factor of 36608?
True
Does 23 divide 254173?
True
Does 59 divide 68424?
False
Does 12 divide 462656?
False
Is 22229481 a multiple of 16?
False
Is 74 a factor of 612484?
False
Is 78938 a multiple of 5?
False
Is 141533 a multiple of 143?
False
Does 22 divide 77322?
False
Is 12711 a multiple of 11?
False
Is 2148 a multiple of 3?
True
Is 21 a factor of 983882?
False
Does 443 divide 4599669?
True
Is 59088 a multiple of 4?
True
Is 7 a factor of 561304?
False
Is 59 a factor of 472257?
False
Is 20 a factor of 2624300?
True
Does 140 divide 355320?
True
Does 209 divide 68866?
False
Is 944240 a multiple of 8?
True
Does 26 divide 714774?
False
Is 3 a factor of 25154?
False
Is 5 a factor of 903824?
False
Does 21 divide 841796?
False
Is 597829 a multiple of 15?
False
Is 117450 a multiple of 17?
False
Is 86 a factor of 1595042?
True
Does 84 divide 12995220?
True
Is 4 a factor of 9303?
False
Is 1548651 a multiple of 26?
False
Is 29 a factor of 7377346?
False
Is 6734 a multiple of 37?
True
Is 811879 a multiple of 348?
False
Does 602 divide 1137409?
False
Is 1314413 a multiple of 4?
False
Is 18 a factor of 133471?
False
Does 157 divide 21195?
True
Is 133 a factor of 437703?
True
Is 20 a factor of 1841960?
True
Does 1712 divide 1412400?
True
Is 324 a factor of 92664?
True
Is 37771 a multiple of 65?
False
Is 243 a factor of 2182626?
True
Does 228 divide 791160?
True
Does 48 divide 7551696?
True
Does 359 divide 9373125?
False
Does 650 divide 217559?
False
Is 40 a factor of 14193303?
False
Is 166310 a multiple of 570?
False
Does 280 divide 108360?
True
Is 1985705 a multiple of 72?
False
Is 3303972 a multiple of 42?
True
Is 323401 a multiple of 14?
False
Does 48 divide 179328?
True
Is 6 a factor of 25122?
True
Is 134 a factor of 566789?
False
Does 463 divide 996597?
False
Is 76 a factor of 739275?
False
Is 12 a factor of 54968?
False
Is 158 a factor of 1115796?
True
Is 56 a factor of 638176?
True
Is 5 a factor of 1225950?
True
Does 1374 divide 12600341?
False
Is 4247894 a multiple of 13?
False
Is 1144690 a multiple of 299?
False
Does 55 divide 31267907?
False
Does 1583 divide 12315740?
True
Is 18 a factor of 203582?
False
Does 6 divide 1973166?
True
Is 319606 a multiple of 12?
False
Does 18 divide 83589?
False
Does 83 divide 411348?
True
Is 61 a factor of 23180?
True
Does 103 divide 211562?
True
Is 17 a factor of 554302?
True
Is 12 a factor of 407424?
True
Does 16 divide 173165?
False
Does 15 divide 239125?
False
Is 229940 a multiple of 5?
True
Is 22 a factor of 103775?
False
Is 4247140 a multiple of 1460?
True
Does 158 divide 614098?
False
Is 142380 a multiple of 10?
True
Is 607068 a multiple of 4?
True
Is 12 a factor of 15348?
True
Is 5096459 a multiple of 7?
False
Does 14 divide 3433363?
False
Is 20220876 a multiple of 18?
True
Is 105606 a multiple of 18?
True
Does 79 divide 63121?
True
Does 302 divide 283457?
False
Does 1300 divide 4225780?
False
Is 66 a factor of 117810?
True
Does 267 divide 1734518?
False
Is 259714 a multiple of 64?
False
Does 11 divide 293898?
True
Does 202 divide 91506?
True
Does 21 divide 266091?
True
Is 287455 a multiple of 301?
True
Is 30060180 a multiple of 30?
True
Is 30774 a multiple of 223?
True
Does 13 divide 2201757?
False
Is 22 a factor of 133840?
False
Does 38 divide 676441?
False
Is 295 a factor of 102046?
False
Is 745248 a multiple of 32?
True
Is 122163 a multiple of 44?
False
Is 113764 a multiple of 32?
False
Does 54 divide 1622510?
False
Is 40 a factor of 1007000?
True
Is 11221 even?
False
Does 33 divide 5069575?
False
Does 10 divide 51400?
True
Does 46 divide 15778?
True
Is 14354 a multiple of 30?
False
Is 88 a factor of 1226325?
False
Is 159867 a multiple of 78?
False
Is 7652 a multiple of 3?
False
Does 55 divide 490518?
False
Is 169 a factor of 1980342?
True
Is 10 a factor of 198723?
False
Does 5 divide 653030?
True
Does 72 divide 70803?
False
Is 45 a factor of 6293205?
True
Does 295 divide 877804?
False
Is 390992 a multiple of 28?
True
Is 8786752 a multiple of 472?
True
Is 68 a factor of 885360?
True
Is 87676 a multiple of 11?
False
Is 483169 a multiple of 10?
False
Is 9 a factor of 57143?
False
Is 7085346 a multiple of 25?
False
Is 420970 a multiple of 89?
True
Does 42 divide 1168062?
True
Is 2 a factor of 5987?
False
Does 274 divide 424974?
True
Does 46 divide 24845?
False
Is 157 a factor of 2576370?
True
Does 7 divide 16633?
False
Does 15 divide 94724?
False
Does 48 divide 61152?
True
Is 178 a factor of 202100?
False
Is 540809 a multiple of 68?
False
Is 1126 a factor of 543924?
False
Is 362 a factor of 1563243?
False
Is 141 a factor of 4415305?
False
Is 8 a factor of 95728?
True
Is 11990 a multiple of 395?
False
Does 99 divide 39798?
True
Is 15 a factor of 111135?
True
Is 887338 a multiple of 722?
True
Is 203 a factor of 848743?
True
Does 77 divide 3704329?
False
Does 117 divide 12268035?
True
Does 10 divide 6373620?
True
Is 3449773 a multiple of 31?
True
Is 74 a factor of 4263436?
True
Is 10 a factor of 522554?
False
Is 153528 a multiple of 3?
True
Is 76 a factor of 5032287?
False
Is 192210 a multiple of 430?
True
Is 8285264 a multiple of 13?
True
Is 153956 a multiple of 11?
True
Is 3 a factor of 40757?
False
Does 16 divide 64549?
False
Is 7482923 a multiple of 14?
False
Is 72440 a multiple of 6?
False
Does 17 divide 21216?
True
Is 52 a factor of 2023060?
True
Is 8 a factor of 1330457?
False
Is 22 a factor of 2664330?
False
Is 2937325 a multiple of 146?
False
Is 4353352 a multiple of 1688?
True
Is 526571 a multiple of 5?
False
Does 1178 divide 1543180?
True
Is 720936 a multiple of 248?
True
Is 16 a factor of 23976400?
True
Is 131 a factor of 3315610?
True
Does 9 divide 4897233?
True
Is 5260684 a multiple of 2164?
True
Is 195387 a multiple of 24?
False
Is 176579 a multiple of 289?
True
Is 195330 a multiple of 51?
True
Is 23 a factor of 137678?
True
Is 15765346 a multiple of 170?
False
Does 69 divide 11775810?
False
Does 58 divide 38555?
False
Is 2351181 a multiple of 6?
False
Does 10 divide 1836739?
False
Does 21 divide 202398?
True
Is 439 a factor of 386438?
False
Does 61 divide 91265?
False
Is 3788304 a multiple of 624?
True
Is 93563 a multiple of 79?
False
Does 24 divide 8426482?
False
Is 274 a factor of 134260?
True
Does 72 divide 74088?
True
Is 987696 a multiple of 36?
True
Is 1161236 a multiple of 68?
True
Does 17 divide 228582?
True
Is 174 a factor of 2973834?
True
Is 2 a factor of 2283494?
True
Is 2780182 a multiple of 983?
False
Is 381018 a multiple of 69?
True
Does 66 divide 85272?
True
Is 372 a factor of 95232?
True
Is 248864 a multiple of 224?
True
Is 19489 a multiple of 11?
False
Is 2019665 a multiple of 209?
False
Is 7 a factor of 92761?
False
Is 128 a factor of 25516?
False
Does 249 divide 1869511?
False
Is 13 a factor of 1397872?
False
Is 25 a factor of 82950?
True
Is 35009 a multiple of 3?
False
Is 2345728 a multiple of 175?
False
Does 171 divide 16074?
True
Is 45 a factor of 1735830?
True
Is 204 a factor of 16473612?
True
Is 15008 a multiple of 505?
False
Is 4 a factor of 5260?
True
Does 25 divide 2337167?
False
Does 153 divide 583549?
False
Is 28202 a multiple of 21?
False
Is 281052 a multiple of 10?
False
Is 98 a factor of 1393266?
True
Is 12 a factor of 111086?
False
Is 3391197 a multiple of 103?
False
Is 89568 a multiple of 18?
True
Does 32 divide 348096?
True
Is 35 a factor of 140647?
False
Is 13 a factor of 2379061?
False
Does 7 divide 2568685?
True
Is 691456 a multiple of 24?
False
Is 394995 a multiple of 105?
False
Is 144 a factor of 1266757?
False
Is 9360315 a multiple of 711?
True
Is 321 a factor of 7894593?
False
Is 103850 a multiple of 67?
True
Is 122 a factor of 828136?
True
Is 147877 a multiple of 39?
False
Is 346214 a multiple of 88?
False
Is 2153524 a multiple of 25?
False
Does 24 di